git of s(3)?
7
Let z = -123 - -77. Let f = z + 103. What is the tens digit of f?
5
Suppose 93*d = 124*d - 25079. What is the hundreds digit of d?
8
Let j = -140 + 237. Let i = j + -54. What is the units digit of i?
3
Let k = -162 + 328. What is the hundreds digit of k?
1
Let k = 21 + -17. What is the units digit of k - (-87 + -1 + 0)?
2
Suppose -3*h - 9 = 84. Let l = -29 - h. Suppose 3*n = -n - 2*i + 278, 343 = 5*n - l*i. What is the tens digit of n?
6
Let n = 494 - 135. What is the units digit of n?
9
Suppose -4*k = 4*s + 28, s = -4*s + 2*k - 56. Let z be (-1)/2 - 97/2. Let a = s - z. What is the units digit of a?
9
Let j = -5 + 12. Suppose m - 14 + j = 4*a, 0 = m - 2*a - 5. What is the units digit of (-27)/(-6)*4/m?
6
Let z(s) be the second derivative of 23*s**3/6 + 39*s**2/2 + 29*s. What is the units digit of z(9)?
6
Let p = -213 + 118. Let i = p + 175. What is the tens digit of i?
8
Let h(z) = 5*z**2 + 3*z + 1. Let t be h(-1). Suppose 9 = -0*r - t*r. What is the tens digit of ((-58)/r)/(5/15)?
5
Suppose 0 = 5*p + 25, f - 3*p - 26 + 8 = 0. What is the tens digit of (244/8 + f)*2?
6
Suppose 14*o - 11*o - 9 = 0. Let x(k) = -k**3 + 2*k**2 + 4*k - 4. Let s be x(o). Let y(c) = -50*c**3 - 2*c**2 - 2*c - 1. What is the tens digit of y(s)?
4
Let w = 1421 + -511. What is the hundreds digit of w?
9
Suppose -2*l - 10 = -2*y, 2*y - y + 7 = 5*l. Suppose 4*g = y - 48. What is the units digit of 5*(216/g)/(-4)?
7
Suppose 0*h = -5*h - 15. What is the hundreds digit of (8/(-10))/(h*(-10)/(-3975))?
1
Suppose 4*p - 1624 = -4*o, 26*o - 27*o + 4*p = -421. What is the tens digit of o?
0
Suppose 0 = -5*c + c + 956. Suppose 5*a - c = 186. What is the units digit of a?
5
Let p = -844 - -1432. What is the units digit of p?
8
Suppose -5*r - 2478 = -4*v, -990 = r + r - v. Let t = -338 - r. What is the units digit of t?
6
Suppose -304*h = -315*h + 11539. What is the thousands digit of h?
1
Let d(p) = -19*p**2 + p + 3. Let j be d(-2). Let k be (j/60)/(1/(-4)). Suppose 0 = k*z + 61 - 196. What is the tens digit of z?
2
Suppose 4*l = m - 0*l - 2457, 5*m + 5*l - 12310 = 0. What is the units digit of m?
1
Suppose 3*i = -2*i + 125. Let g(m) = 5*m + 87. What is the tens digit of g(i)?
1
Let s(i) = 3*i + 650. What is the hundreds digit of s(0)?
6
Suppose -5537 = -10*b + 14433. What is the hundreds digit of b?
9
Suppose 0 = 2*s - 171 - 995. What is the units digit of s?
3
Suppose 321 = 5*p + 3*a, -a = p - 5*a - 55. Suppose -j + p = -3*b, -113 = 5*b + j - 0*j. What is the units digit of (-2)/(b/(-24) + -1)?
4
Let y(u) = -2*u - 4. Let f be y(-4). Suppose 5*q - f*q = -5. What is the tens digit of q/10 + 54/4?
1
Suppose -2*c - 64 = -0*c. Let k = 37 + c. Suppose -35 = -k*b + 4*b. What is the units digit of b?
5
Suppose t - 1487 = -4*l, 5906 = 4*t - 0*l - 5*l. What is the tens digit of t?
7
Suppose -1396 = -4*p - 2*x + 4904, -5*p + 7875 = 3*x. What is the thousands digit of p?
1
Let a(s) = -10*s. Let l be a(-1). Suppose -y - l = -18. What is the units digit of y/(-32) - 250/(-8)?
1
Suppose 53*g = 64*g - 2068. What is the hundreds digit of g?
1
What is the hundreds digit of 212/7*(-2562)/(-244)?
3
Suppose -3*j + 30 = 2*j. Let q be 1 - 3/j*-6. Suppose -2*z + 55 = -0*i + 3*i, q*z + 5*i = 113. What is the tens digit of z?
3
Let l(a) = -3*a**2 - 20*a + 13. Let y be l(-9). Let q = y + 173. What is the tens digit of q?
2
Let a = -360 + 735. Let t = -255 + a. What is the tens digit of t?
2
Suppose 3*m - 2*m - 3 = 0. Let p(g) = 8*g**2 - 2*g + 6. What is the units digit of p(m)?
2
Let p = 293 - -230. What is the units digit of p?
3
Let o = 55 + -103. Let k be (4/(-10))/((-2)/400). Let i = k + o. What is the units digit of i?
2
Let j be 0 + 1 + -1 - -10. Suppose 2 + j = -3*y. Let b = y - -50. What is the tens digit of b?
4
Suppose -6*b + 616 = -200. Suppose 5*p + 4*t - b = 0, 2*p - 59 = -0*p + 3*t. What is the units digit of p?
8
Let t = 21 - -127. Suppose -5*c - 308 = -2*z, z + c - t = 5*c. What is the hundreds digit of z?
1
What is the tens digit of (-10026)/(-8) + 140/(-112)?
5
Let p(q) = -4*q - 8 - 4 + 0*q + q**2. Let o be p(6). Suppose o = -0*u - 2*u + 8. What is the units digit of u?
4
Let w(f) = 10*f + 28. Let q(h) = h + 1. Let i(o) = -4*q(o) + 2*w(o). What is the hundreds digit of i(7)?
1
Let z = 31 + -31. Suppose 2*o + 6 = 2*k, -7*o + 3*o + 9 = 3*k. Suppose z = -k*v - v + 136. What is the units digit of v?
4
Suppose 5159 = 50*h - 2391. What is the hundreds digit of h?
1
Let d(f) = -f**3 - f**2 + 1. Let p be d(-2). Suppose -p*q = -13 - 12. Suppose 0 = -q*r - 0 + 90. What is the tens digit of r?
1
Suppose -f - 5*t = 24, -3*f + 3*t = -4*f - 14. Let l be (4/4)/(f/20). Let g = l - 16. What is the units digit of g?
4
Let a = -2600 + 4447. What is the tens digit of a?
4
Suppose -90 - 52 = -u - 4*x, 4*u = x + 653. Let k = u + -74. What is the tens digit of k?
8
Let o(n) = -n**2. Let t be o(3). Let h(i) = -i**3 - 9*i**2 - i - 5. Let y be h(t). Suppose -y = -c + 9. What is the units digit of c?
3
Suppose 10 = -5*f - 25. What is the hundreds digit of (-2)/f - (-11648)/49?
2
Let v = 1646 + -135. What is the thousands digit of v?
1
Let z(w) = w**3 + 2*w**2 - 2*w. Let a be z(-2). Suppose -a*v + 138 = 2*y, 2*v - 17 = -2*y + 49. Suppose -t + v = 1. What is the units digit of t?
5
Let o be 34/(-4) + (-1)/(-2). Let n be (7 - 44) + (2 - 1). What is the units digit of (-338)/(-18) + o/n?
9
Let x(p) = 3*p**2 + 3*p + 6. Let t(l) be the third derivative of l**6/120 - 2*l**5/15 + l**4/4 + l**3/2 - 7*l**2. Let b be t(7). What is the tens digit of x(b)?
4
Suppose -15*u = -13*u - 46. Let n = u - 21. What is the units digit of n?
2
Let t(k) = -k**2 - 10*k - 18. Let b be t(-7). Suppose -2*d - 3*d + 455 = 4*s, 0 = -b*s - d + 333. What is the tens digit of s?
1
Let s(p) = -p**2 + 11*p - 4. Let c be s(10). Let q(r) = 3*r**2 - r + 8. What is the tens digit of q(c)?
1
Suppose -12*q + 681 = -7*q + x, 2*q = x + 278. Suppose 2407 = 10*k + q. What is the hundreds digit of k?
2
Suppose 54 - 182 = 2*u. What is the units digit of u/12*(-12)/8?
8
Let z = -134 + 141. Suppose z*o - 6*o - 214 = 0. What is the tens digit of o?
1
Let i = 4936 - 3349. What is the thousands digit of i?
1
Suppose -4*u = -2*z + 42, -75 = 5*u + 2*z + 3*z. Let p be (-18)/(-24) - 207/u. What is the units digit of (1/(-1))/(p/(-108))?
6
Suppose -4*n - 8*n = -300. Suppose 180 = -n*o + 30*o. What is the tens digit of o?
3
Suppose 0 = 9*z - z + 56. Let o = z + 9. What is the units digit of o?
2
Let i = 14 + -10. Suppose -4*o + 2*t = -864, i*o + 7*t - 3*t = 840. What is the units digit of o?
4
Let u be 49 + 4 + (-7 - 1). Suppose p + 2*p - u = 0. Let a = 23 - p. What is the units digit of a?
8
What is the units digit of -9 + 750/9 - (-2)/3?
5
Let y(t) = 12*t - 1. Suppose 5*w = -3*r, 3*r = -2*r - 4*w + 13. Let c be y(r). Let b = -29 + c. What is the tens digit of b?
3
Suppose 139*o = 143*o - 12. Suppose 5*j + 9 + 1 = 4*a, 4*a - 2*j - 4 = 0. Suppose -o*y = -a*y - 126. What is the units digit of y?
2
Suppose -2*z = 3*g - 55, -2*g + 4*g = 2*z + 40. Let t = 35 - g. What is the units digit of t?
6
Let q be ((-60)/50)/(1/20). What is the units digit of 522/q*16/(-6)?
8
Let x = 1 + 8. Suppose -3*p - 63 = -x. Let z = 39 + p. What is the tens digit of z?
2
Suppose -4*q + 5*z + 33 = 0, 3*z + z + 12 = -4*q. Let m(v) = 10*v - 1 + 3*v + 3. What is the tens digit of m(q)?
2
Suppose -105 + 33 = -2*f. Suppose -q + f = -107. What is the hundreds digit of q?
1
Suppose 4*o = -5*y + 8918, 0 = -o - y + 1237 + 992. What is the hundreds digit of o?
2
Suppose 6 = h + 4, 22 = -n + 3*h. What is the units digit of (n/24)/(2/(-279))?
3
Let j be 3/9 - 142/(-6). Let m(i) = 35*i + 12. Let n be m(1). Let c = n - j. What is the tens digit of c?
2
Let t be (-8)/36 - (76/(-18))/1. Suppose 96 = 2*h - t*f, -15 = -h - 3*f + 43. What is the tens digit of h?
5
Suppose -237 = -14*d + 281. What is the units digit of d?
7
Let a(j) = -j + 7. Let f be 8/(-2)*21/(-14). Suppose r - f*r = -20. What is the units digit of a(r)?
3
Suppose -y - 33726 = -7*y. What is the thousands digit of y?
5
Let t(h) = 6*h**2 - 10*h + 37. What is the units digit of t(5)?
7
Let x(a) = -a - 2. Let i(u) = -u**2 + 6*u + 4. Let f(h) = i(h) + 2*x(h). Suppose 31 = 5*l + 4*r, l - r - 4*r + 17 = 0. What is the units digit of f(l)?
